0?
2
What is the hundreds digit of 3167062?
0
What is the tens digit of 1288658?
5
What is the units digit of 3236288?
8
What is the hundred thousands digit of 197677?
1
What is the tens digit of 176124?
2
What is the hundred thousands digit of 355216?
3
What is the thousands digit of 21494501?
4
What is the thousands digit of 205514?
5
What is the hundreds digit of 1993312?
3
What is the thousands digit of 8716106?
6
What is the hundred thousands digit of 456980?
4
What is the ten thousands digit of 8266845?
6
What is the thousands digit of 36122?
6
What is the tens digit of 361533?
3
What is the thousands digit of 4467513?
7
What is the thousands digit of 23935128?
5
What is the thousands digit of 404319?
4
What is the ten thousands digit of 514907?
1
What is the units digit of 197356?
6
What is the tens digit of 2590292?
9
What is the thousands digit of 11807?
1
What is the hundreds digit of 15403026?
0
What is the thousands digit of 160293?
0
What is the hundreds digit of 101199?
1
What is the tens digit of 527463?
6
What is the units digit of 170510?
0
What is the millions digit of 15737374?
5
What is the thousands digit of 1526507?
6
What is the units digit of 463243?
3
What is the tens digit of 765829?
2
What is the tens digit of 3675647?
4
What is the thousands digit of 254968?
4
What is the ten thousands digit of 19288991?
8
What is the tens digit of 5376863?
6
What is the hundreds digit of 58614?
6
What is the hundred thousands digit of 1301484?
3
What is the thousands digit of 878042?
8
What is the units digit of 1351228?
8
What is the hundreds digit of 1782790?
7
What is the millions digit of 24269884?
4
What is the ten thousands digit of 7340062?
4
What is the units digit of 3632129?
9
What is the tens digit of 237954?
5
What is the hundreds digit of 1026194?
1
What is the tens digit of 42798?
9
What is the units digit of 772933?
3
What is the hundreds digit of 7511856?
8
What is the hundreds digit of 460640?
6
What is the tens digit of 2259497?
9
What is the tens digit of 611528?
2
What is the tens digit of 314309?
0
What is the tens digit of 3541031?
3
What is the ten thousands digit of 133329?
3
What is the millions digit of 5844660?
5
What is the hundred thousands digit of 567808?
5
What is the tens digit of 2722613?
1
What is the hundreds digit of 172600?
6
What is the ten thousands digit of 1979243?
7
What is the tens digit of 139805?
0
What is the units digit of 539337?
7
What is the tens digit of 634153?
5
What is the thousands digit of 30755411?
5
What is the thousands digit of 743907?
3
What is the tens digit of 110105?
0
What is the ten thousands digit of 1175401?
7
What is the tens digit of 9433174?
7
What is the units digit of 539844?
4
What is the hundreds digit of 2185721?
7
What is the thousands digit of 2184691?
4
What is the hundreds digit of 23889554?
5
What is the ten thousands digit of 203348?
0
What is the thousands digit of 5916090?
6
What is the ten thousands digit of 1733094?
3
What is the thousands digit of 264490?
4
What is the hundreds digit of 90732?
7
What is the thousands digit of 850330?
0
What is the millions digit of 2701119?
2
What is the thousands digit of 1744744?
4
What is the ten thousands digit of 836906?
3
What is the hundreds digit of 276006?
0
What is the ten thousands digit of 583442?
8
What is the units digit of 1059802?
2
What is the units digit of 176704?
4
What is the tens digit of 3512043?
4
What is the thousands digit of 100399?
0
What is the hundreds digit of 2835657?
6
What is the millions digit of 8567515?
8
What is the units digit of 28194524?
4
What is the hundred thousands digit of 21516591?
5
What is the units digit of 776085?
5
What is the ten thousands digit of 2748974?
4
What is the tens digit of 328312?
1
What is the ten thousands digit of 836679?
3
What is the ten thousands digit of 339775?
3
What is the units digit of 4843942?
2
What is the thousands digit of 22712611?
2
What is the ten thousands digit of 118683?
1
What is the hundreds digit of 939434?
4
What is the thousands digit of 3667228?
7
What is the hundreds digit of 4717323?
3
What is the hundred thousands digit of 510557?
5
What is the units digit of 283511?
1
What is the thousands digit of 706254?
6
What is the tens digit of 631690?
9
What is the hundred thousands digit of 674909?
6
What is the tens digit of 4018938?
3
What is the hundreds digit of 629905?
9
What is the units digit of 6271123?
3
What is the ten thousands digit of 784476?
8
What is the hundreds digit of 919275?
2
What is the hundred thousands digit of 22741915?
7
What is the ten millions digit of 12650499?
1
What is the ten thousands digit of 3533363?
3
What is the units digit of 1369683?
3
What is the tens digit of 19594289?
8
What is the thousands digit of 155766?
5
What is the tens digit of 1261799?
9
What is the hundred thousands digit of 101597?
1
What is the thousands digit of 1687889?
7
What is the ten thousands digit of 26459867?
5
What is the tens digit of 13519795?
9
What is the thousands digit of 1033219?
3
What is the hundreds digit of 214845?
8
What is the hundreds digit of 3750514?
5
What is the thousands digit of 1111780?
1
What is the thousands digit of 12221?
2
What is the ten thousands digit of 107402?
0
What is the millions digit of 1118147?
1
What is the tens digit of 237153?
5
What is the thousands digit of 894511?
4
What is the hundred thousands digit of 2062812?
0
What is the thousands digit of 13515298?
5
What is the units digit of 1138289?
9
What is the units digit of 12015015?
5
What is the hundred thousands digit of 1740156?
7
What is the hundreds digit of 198555?
5
What is the thousands digit of 703094?
3
What is the hundreds digit of 231511?
5
What is the millions digit of 1345609?
1
What is the millions digit of 2580414?
2
What is the thousands digit of 495282?
5
What is the millions digit of 1450286?
1
What is the hundred thousands digit of 1685958?
6
What is the ten thousands digit of 806993?
0
What is the millions digit of 15545477?
5
What is the thousands digit of 1303199?
3
What is the hundreds digit of 152154?
1
What is the ten thousands digit of 133664?
3
What is the hundreds digit of 188491?
4
What is the thousands digit of 197842?
7
What is the tens digit of 790784?
8
What is the units digit of 298936?
6
What is the millions digit of 11672706?
1
What is the ten thousands digit of 9310242?
1
What is the hundreds digit of 172674?
6
What is the thousands digit of 3069902?
9
What is the tens digit of 7658?
5
What is the ten thousands digit of 4475775?
7
What is the tens digit of 2271807?
0
What is the ten thousands digit of 15923339?
2
What is the thousands digit of 7027075?
7
What is the ten thousands digit of 96497?
9
What is the hundreds digit of 128078?
0
What is the millions digit of 8224819?
8
What is the millions digit of 6448923?
6
What is the thousands digit of 1063019?
3
What is the ten thousands digit of 4440495?
4
What is the tens digit of 200883?
8
What is the units digit of 1142665?
5
What is the hundreds digit of 119351?
3
What is the tens digit of 329151?
5
What is the units digit of 12440928?
8
What is the hundred thousands digit of 329752?
3
What is the hundreds digit of 362616?
6
What is the thousands digit of 3938097?
8
What is the units digit of 2145562?
2
What is the ten thousands digit of 649744?
4
What is the tens digit of 232832?
3
What is the hundred thousands digit of 1045062?
0
What is the hundreds digit of 5080341?
3
What is the tens digit of 2744617?
1
What is the tens digit of 9359282?
8
What is the thousands digit of 448425?
8
What is the ten millions digit of 19456890?
1
What is the thousands digit of 4949807?
9
What is the thousands digit of 256385?
6
What is the ten millions digit of 19823035?
1
What is the tens digit of 4787914?
1
What is the hundreds digit of 4718282?
2
What is the ten millions digit of 12035225?
1
What is the hundreds digit of 222938?
9
What is the tens digit of 964818?
1
What is the ten thousands digit of 133609?
3
What is the hundreds digit of 42370?
3
What is the units digit of 1539307?
7
What is the units digit of 9708642?
2
What is the hundreds digit of 881428?
4
What is the hundreds digit of 1994091?
0
What is the units digit of 16257?
7
What 